{"id":1963,"date":"2025-07-27T09:46:55","date_gmt":"2025-07-27T09:46:55","guid":{"rendered":"https:\/\/provisional.animadeba.com\/?post_type=portfolio&#038;p=1963"},"modified":"2025-08-08T08:48:34","modified_gmt":"2025-08-08T08:48:34","slug":"sara-azurza-2","status":"publish","type":"portfolio","link":"https:\/\/animadeba.com\/es\/portfolio\/sara-azurza-2\/","title":{"rendered":"Sara Azurza"},"content":{"rendered":"<div class=\"wpb-content-wrapper\"><div class=\"vc_row wpb_row vc_row-fluid\"><div class=\"wpb_column vc_column_container vc_col-sm-12\"><div class=\"vc_column-inner\"><div class=\"wpb_wrapper\">\n\t<div class=\"wpb_text_column wpb_content_element\" >\n\t\t<div class=\"wpb_wrapper\">\n\t\t\t<p><span style=\"font-weight: 400;\">Sara Azurza es cantante y compositora donostiarra con una propuesta que combina el soul, el pop alternativo y el indie intimista. En 2023 public\u00f3 su primer disco (<\/span><i><span style=\"font-weight: 400;\">Hemen Berriro<\/span><\/i><span style=\"font-weight: 400;\">), y empez\u00f3 a destacar por el cuidado de sus voces c\u00e1lidas y melod\u00edas. En 2025 ha publicado su segundo trabajo: <\/span><i><span style=\"font-weight: 400;\">Hiri Ilunen Umeak<\/span><\/i><span style=\"font-weight: 400;\">, con la producci\u00f3n de Jon Agirrezabalaga, un disco representativo de la madurez art\u00edstica. Desarrolla un sonido m\u00e1s et\u00e9reo y emocional, abordando de forma po\u00e9tica y contempor\u00e1nea la nostalgia, la noche y las relaciones personales. Su estilo personal puede verse en canciones como \u201cBegietan\u201d (con Olaia Inziarte) y \u201cZure behatz artean\u201d (con Janus Leste). Con este nuevo trabajo, la voz de Sara Azurza se ha hecho cada vez m\u00e1s evidente en la escena vasca, mostrando una personalidad propia y un gran futuro.<\/span><\/p>\n\n\t\t<\/div>\n\t<\/div>\n<\/div><\/div><\/div><\/div>\n<\/div>","protected":false},"featured_media":1962,"menu_order":0,"template":"","meta":{"_acf_changed":false,"inline_featured_image":false},"categories":[33],"class_list":["post-1963","portfolio","type-portfolio","status-publish","has-post-thumbnail","hentry","category-kontzertuak"],"acf":[],"_links":{"self":[{"href":"https:\/\/animadeba.com\/es\/wp-json\/wp\/v2\/portfolio\/1963","targetHints":{"allow":["GET"]}}],"collection":[{"href":"https:\/\/animadeba.com\/es\/wp-json\/wp\/v2\/portfolio"}],"about":[{"href":"https:\/\/animadeba.com\/es\/wp-json\/wp\/v2\/types\/portfolio"}],"wp:featuredmedia":[{"embeddable":true,"href":"https:\/\/animadeba.com\/es\/wp-json\/wp\/v2\/media\/1962"}],"wp:attachment":[{"href":"https:\/\/animadeba.com\/es\/wp-json\/wp\/v2\/media?parent=1963"}],"wp:term":[{"taxonomy":"category","embeddable":true,"href":"https:\/\/animadeba.com\/es\/wp-json\/wp\/v2\/categories?post=1963"}],"curies":[{"name":"wp","href":"https:\/\/api.w.org\/{rel}","templated":true}]}}

<div class="wpb-content-wrapper"><div class="vc_row wpb_row vc_row-fluid"><div class="wpb_column vc_column_container vc_col-sm-12"><div class="vc_column-inner"><div class="wpb_wrapper">
	<div class="wpb_text_column wpb_content_element" >
		<div class="wpb_wrapper">
			<p><span style="font-weight: 400;">Sara Azurza es cantante y compositora donostiarra con una propuesta que combina el soul, el pop alternativo y el indie intimista. En 2023 publicó su primer disco (</span><i><span style="font-weight: 400;">Hemen Berriro</span></i><span style="font-weight: 400;">), y empezó a destacar por el cuidado de sus voces cálidas y melodías. En 2025 ha publicado su segundo trabajo: </span><i><span style="font-weight: 400;">Hiri Ilunen Umeak</span></i><span style="font-weight: 400;">, con la producción de Jon Agirrezabalaga, un disco representativo de la madurez artística. Desarrolla un sonido más etéreo y emocional, abordando de forma poética y contemporánea la nostalgia, la noche y las relaciones personales. Su estilo personal puede verse en canciones como “Begietan” (con Olaia Inziarte) y “Zure behatz artean” (con Janus Leste). Con este nuevo trabajo, la voz de Sara Azurza se ha hecho cada vez más evidente en la escena vasca, mostrando una personalidad propia y un gran futuro.</span></p>

		</div>
	</div>
</div></div></div></div>
</div>
